reatest common divisor of 22537148 and 398.
398
Calculate the highest common factor of 365 and 424742543.
73
Calculate the greatest common factor of 653721 and 6.
3
Calculate the greatest common divisor of 29784 and 620208.
1752
What is the greatest common divisor of 58557328 and 48?
16
Calculate the highest common divisor of 99954465 and 117.
39
Calculate the highest common divisor of 3824695 and 2205.
245
Calculate the greatest common factor of 652 and 1758940.
4
Calculate the greatest common divisor of 3144946 and 228452.
574
Calculate the highest common factor of 3885 and 9348605.
1295
Calculate the greatest common factor of 662 and 7735139.
331
Calculate the highest common divisor of 9830 and 139391366.
1966
What is the highest common divisor of 2937109 and 162239?
343
Calculate the greatest common factor of 45 and 46225485.
45
Calculate the greatest common divisor of 9936468 and 2052.
684
What is the greatest common factor of 123996273 and 249?
249
Calculate the highest common factor of 822 and 15487028.
274
What is the highest common factor of 23735142 and 342?
342
Calculate the highest common divisor of 11546497 and 22493.
271
What is the greatest common factor of 120 and 91088680?
40
Calculate the highest common divisor of 3277155 and 113735.
2645
What is the greatest common divisor of 6350170 and 72098?
5546
What is the greatest common factor of 93 and 273142209?
93
What is the highest common factor of 52195560 and 560?
40
What is the highest common factor of 1682 and 4539718?
1682
Calculate the greatest common divisor of 712347 and 282223.
367
What is the highest common divisor of 138861834 and 186?
186
What is the highest common divisor of 4504 and 160372802?
1126
What is the highest common divisor of 1650 and 5487325?
25
Calculate the highest common divisor of 23760 and 63936.
432
Calculate the highest common divisor of 5766 and 512802.
186
What is the greatest common divisor of 3310644 and 52863?
789
Calculate the highest common divisor of 482467 and 4632447.
1273
Calculate the greatest common factor of 207 and 17319621.
69
Calculate the highest common divisor of 630 and 36899190.
90
Calculate the highest common factor of 116666808 and 30408.
4344
Calculate the greatest common divisor of 1356 and 139605511.
113
What is the highest common factor of 187 and 9719721?
11
Calculate the highest common factor of 351571 and 14663.
341
What is the greatest common divisor of 752008499 and 5818?
2909
Calculate the greatest common divisor of 235 and 203799755.
235
Calculate the greatest common factor of 141887 and 235019.
199
What is the greatest common factor of 16903846 and 753?
251
Calculate the highest common factor of 488 and 2040755.
61
Calculate the greatest common divisor of 8563870 and 2877.
959
What is the greatest common factor of 267180 and 144905?
365
What is the highest common factor of 1683498 and 81?
3
What is the highest common divisor of 382478 and 28059?
199
What is the greatest common divisor of 81 and 16695873?
9
Calculate the greatest common factor of 73322 and 183.
61
What is the highest common factor of 28243 and 24217?
61
What is the highest common factor of 875 and 490091875?
875
Calculate the greatest common factor of 15928809 and 15.
3
Calculate the greatest common divisor of 85113651 and 1407.
1407
What is the greatest common divisor of 2039976 and 14442?
174
Calculate the greatest common divisor of 1851485 and 3530.
1765
Calculate the highest common factor of 2365622 and 133.
7
Calculate the greatest common divisor of 109769500 and 1500.
500
What is the highest common factor of 6080 and 41846170?
190
What is the greatest common divisor of 104 and 480916696?
104
Calculate the greatest common divisor of 1158 and 139065378.
1158
Calculate the greatest common factor of 32 and 629137136.
16
What is the highest common factor of 12681 and 277696992?
4227
What is the greatest common factor of 201492 and 938559?
579
Calculate the highest common divisor of 1015305562 and 995.
199
Calculate the greatest common factor of 30038 and 1302082.
1306
Calculate the greatest common divisor of 32084748 and 5400.
108
Calculate the greatest common divisor of 3393 and 7775001.
117
What is the highest common factor of 477306 and 70416?
54
What is the greatest common factor of 578449 and 20473?
347
What is the greatest common divisor of 117468 and 4253184?
468
What is the highest common divisor of 4748518 and 8246?
1178
What is the highest common factor of 168 and 23129988?
84
Calculate the greatest common divisor of 46613905 and 56173.
1937
Calculate the highest common divisor of 35 and 1916307890.
35
Calculate the greatest common divisor of 3034 and 5550037.
37
Calculate the highest common divisor of 79 and 103370789.
79
What is the greatest common divisor of 12560 and 196598540?
3140
Calculate the greatest common divisor of 83051163 and 1053.
1053
What is the highest common factor of 2272562 and 236?
118
Calculate the highest common divisor of 18009 and 1352538.
621
What is the highest common divisor of 2546 and 11431806?
38
Calculate the greatest common factor of 490750 and 70375.
125
What is the greatest common divisor of 482 and 7726460?
482
Calculate the greatest common divisor of 746 and 2674037.
373
Calculate the highest common divisor of 8940 and 993648816.
1788
What is the highest common divisor of 252 and 148783194?
126
What is the highest common factor of 1972 and 35617771?
493
Calculate the greatest common divisor of 121071813 and 4206.
2103
What is the greatest common divisor of 4966389 and 18?
9
What is the highest common divisor of 28 and 12137846?
14
Calculate the highest common factor of 3964944 and 11118.
102
What is the greatest common divisor of 347182502 and 326?
326
What is the greatest common factor of 9848418 and 96?
6
What is the highest common factor of 50487 and 941296457?
16829
Calculate the highest common factor of 21311 and 16261.
101
Calculate the highest common divisor of 5476 and 1945756.
148
Calculate the greatest common divisor of 720 and 21515730.
30
Calculate the highest common divisor of 4628 and 147212.
52
Calculate the greatest common divisor of 5024 and 1327024.
16
Calculate the highest common factor of 10 and 1632992.
2
Calculate the greatest common factor of 74326 and 8792.
14
What is the highest common factor of 278004816 and 732?
732
Calculate the greatest common factor of 336 and 121084404.
84
What is the greatest common factor of 108726 and 654?
6
Calculate the greatest common factor of 10450 and 10180390.
2090
Calculate the greatest common factor of 911278 and 35758.
38
Calculate the greatest common factor of 2034 and 19368.
18
Calculate the greatest common factor of 12920 and 51650.
10
Calculate the greatest common factor of 40 and 299977432.
8
Calculate the highest common divisor of 8209347 and 4577.
199
What is the highest common factor of 79712 and 1302464?
1504
Calculate the highest common divisor of 7685685 and 57915.
405
What is the greatest common factor of 168064 and 65?
13
Calculate the greatest common divisor of 2290589 and 7077.
2359
Calculate the greatest common factor of 11704 and 31054056.
1672
What is the highest common divisor of 36239 and 137431?
7
Calculate the greatest common factor of 483 and 1833514.
23
Calculate the highest common factor of 9556 and 29956.
4
What is the highest common divisor of 14604436 and 308?
308
Calculate the greatest common divisor of 11 and 42195692.
11
Calculate the highest common divisor of 228 and 711074544.
228
What is the greatest common divisor of 142926 and 3147242?
574
Calculate the highest common factor of 3815 and 1095668.
763
What is the highest common divisor of 2352 and 89007618?
294
Calculate the greatest common factor of 9347808 and 100.
4
Calculate the greatest common factor of 18 and 200580426.
18
Calculate the greatest common divisor of 105589551 and 87.
87
Calculate the greatest common divisor of 592704 and 934332.
4116
What is the highest common divisor of 25907 and 92880296?
3701
What is the greatest common factor of 2009 and 23477174?
2009
Calculate the greatest common divisor of 2091 and 3785407.
697
Calculate the highest common factor of 384140835 and 130.
65
Calculate the greatest common divisor of 993414974 and 